{"id":2,"date":"2016-05-10T03:48:21","date_gmt":"2016-05-10T03:48:21","guid":{"rendered":"http:\/\/bsv-hevensen.de\/?page_id=2"},"modified":"2026-03-15T12:05:27","modified_gmt":"2026-03-15T12:05:27","slug":"sample-page","status":"publish","type":"page","link":"https:\/\/hevensen-pioneers.de\/","title":{"rendered":""},"content":{"rendered":"<p><span style=\"font-family: verdana, geneva, sans-serif; font-size: 8pt;\">Hauptversammlung Hevensen Pioneers:<\/span><br \/><span style=\"font-family: impact, sans-serif; font-size: 18pt;\">Ehrungen und \u201eSorgenkind\u201c Spielfelder<\/span><\/p>\r\n<p><span style=\"font-family: verdana, geneva, sans-serif; font-size: 12pt;\">Im Mittelpunkt der 35. Jahreshauptversammlung des BSV Hevensen 1990 e. V. am Freitag (13.03.) standen neben den Jahresberichten auch Ehrungen. Patrick Korengel, Heinz Lehmann und Henning Ropeter wurden im Rahmen der Versammlung mit der Ehrennadel des Vereins ausgezeichnet. Der Vorstand gab einen Sachstandsbericht \u00fcber die vereinseigenen Spielfelder ab. Die Spielfelder befinden sich erneut in einem schlechten Zustand.\u00a0 Positiv konnte \u00fcber die Finanzen und die aktuell angelaufene Nachwuchsarbeit berichtet werden. Den ganzen <a href=\"https:\/\/hevensen-pioneers.de\/?page_id=416\">Bericht<\/a> lesen<\/span><\/p>\r\n<figure id=\"attachment_412\" aria-describedby=\"caption-attachment-412\" style=\"width: 678px\" class=\"wp-caption aligncenter\"><a href=\"https:\/\/hevensen-pioneers.de\/wp-content\/uploads\/2026\/03\/Ehrung-2026.png\" rel=\"lightbox[2]\"><img loading=\"lazy\" decoding=\"async\" class=\"wp-image-412 size-mh-magazine-lite-content\" src=\"https:\/\/hevensen-pioneers.de\/wp-content\/uploads\/2026\/03\/Ehrung-2026-678x381.png\" alt=\"\" width=\"678\" height=\"381\" \/><\/a><figcaption id=\"caption-attachment-412\" class=\"wp-caption-text\">Geehrt f\u00fcr 25-j\u00e4hrige Mitgliedschaft: Patrik Korengel, Hienz Lehmann und Henning Ropeter<\/figcaption><\/figure>\r\n<p><span style=\"font-family: verdana, geneva, sans-serif; font-size: 8pt;\">32. Softball Turnier der Pioneers<br \/><\/span><span style=\"font-family: impact, sans-serif; font-size: 18pt;\">Aachen gewinnt Wartseiner-Cup in Hevensen<\/span><\/p>\r\n<p><span style=\"font-family: verdana, geneva, sans-serif; font-size: 12pt;\">Die Aachen Aixplosives gewannen am vergangenen Wochenende erstmals das Mixed Softball Turnier der Hevensen Pioneers. Die Aixplosives setzten sich am Sonntag in einem spannenden und dramatischen Finale am Ende mit 4:3 knapp gegen die Werler W\u00f6lfe durch. Den dritten Platz belegten die Hamburg Knights. Die Hansest\u00e4dter gewannen das &#8222;kleine Finale&#8220; ebenfalls knapp mit 8:7 gegen das Team aus Darmstadt und Frankfurt. Weiter auf <a href=\"https:\/\/pioneers-summerfun.de\">pioneers-summerfun.de\u00a0<\/a><\/span><\/p>\r\n<p><a href=\"https:\/\/hevensen-pioneers.de\/wp-content\/uploads\/2024\/08\/Aachen_7G7A1389-scaled.jpg\" rel=\"lightbox[2]\"><img loading=\"lazy\" decoding=\"async\" class=\"aligncenter size-mh-magazine-lite-content wp-image-406\" src=\"https:\/\/hevensen-pioneers.de\/wp-content\/uploads\/2024\/08\/Aachen_7G7A1389-678x381.jpg\" alt=\"\" width=\"678\" height=\"381\" \/><\/a><\/p>\r\n<p><span style=\"font-family: verdana, geneva, sans-serif; font-size: 8pt;\">Jahreshauptversammlung:<\/span><br \/><span style=\"font-family: impact, sans-serif; font-size: 18pt;\">Maik Lehmann 25 Jahre dabei!<\/span><\/p>\r\n<p><span style=\"font-family: helvetica, arial, sans-serif; font-size: 8pt;\"><span style=\"font-family: verdana, geneva, sans-serif; font-size: 12pt;\">Im Mittelpunkt der 33. Jahreshauptversammlung des BSV Hevensen 1990 e. V. am Freitag (05.04.) stand neben den Jahresberichten auch Ehrungen. Maik Lehmann ist in diesem Jahr 25 Jahre aktiv bei den Pioneers dabei. Einst als Spieler und aktuell als Trainer. Der Vorstand gab einen Sachstandsbericht f\u00fcr die vereinseigenen Spielfelder ab. Die Spielfelder befinden sich \u2013 nachdem sie erst im Jahr 2020 mit Eigenmitteln aufw\u00e4ndig saniert wurde \u2013 erneut in einem schlechten Zustand.\u00a0 Positiv konnte \u00fcber die Finanzen und \u00fcber die Mitgliederentwicklung berichtet werden.\u00a0<a href=\"https:\/\/hevensen-pioneers.de\/?page_id=357&amp;preview=true\">Bericht lesen..<\/a><\/span><\/span><\/p>\r\n<p><span style=\"font-family: verdana, geneva, sans-serif; font-size: 10pt;\">Pioneers Wies\u2019n: Tolle Stimmung bei Blasmusik und Spanferkel<\/span><br \/><span style=\"font-family: impact, sans-serif; font-size: 18pt;\">\u201eSteffi\u201c Schneider f\u00fcr 25-j\u00e4hrige Mitgliedschaft geehrt<\/span><\/p>\r\n<p><a href=\"https:\/\/hevensen-pioneers.de\/wp-content\/uploads\/2022\/10\/O-Fest7.jpg\" rel=\"lightbox[2]\"><img loading=\"lazy\" decoding=\"async\" class=\"aligncenter size-mh-magazine-lite-content wp-image-306\" src=\"https:\/\/hevensen-pioneers.de\/wp-content\/uploads\/2022\/10\/O-Fest7-678x381.jpg\" alt=\"\" width=\"678\" height=\"381\" \/><\/a><\/p>\r\n<p><span style=\"font-size: 12pt; font-family: verdana, geneva, sans-serif;\">Mit einem z\u00fcnftigen Oktoberfest holten die Hevensen Pioneers am Samstag (17.09.) ihren 30. Vereinsgeburtstag nach. Der erste Termin im Jahr 2020 musste aus \u201ebekannten Gr\u00fcnden\u201c verschoben werden. Erstmals luden Pioneers ihre G\u00e4ste \u201eOpen-Air\u201c zu einem Oktoberfest ein. Trotz herbstlicher Witterung und damit k\u00fchlen Temperaturen z\u00e4hlte man rund 150 G\u00e4ste vor der neuen Kulturb\u00fchne am Dorfgemeinschaftshaus. Neben viel Musik und guter Stimmung gab es auch eine besondere Ehrung. Vereinsschatzmeisterin Stephanie Schneider wurde f\u00fcr ihre 25-j\u00e4hrige Treue zum BSV Hevensen geehrt.\u00a0 <a href=\"https:\/\/hevensen-pioneers.de\/?page_id=308\">Weiter lesen..\u00a0<\/a><\/span><\/p>\r\n<p><span style=\"font-family: impact, sans-serif; font-size: 24px;\">Arbeitseinsatz beendet Au\u00dfensaison!<\/span><\/p>\r\n<figure id=\"attachment_240\" aria-describedby=\"caption-attachment-240\" style=\"width: 678px\" class=\"wp-caption aligncenter\"><a href=\"https:\/\/hevensen-pioneers.de\/wp-content\/uploads\/2020\/10\/20201010_123022-scaled.jpg\" rel=\"lightbox[2]\"><img loading=\"lazy\" decoding=\"async\" class=\"size-mh-magazine-lite-content wp-image-240\" src=\"https:\/\/hevensen-pioneers.de\/wp-content\/uploads\/2020\/10\/20201010_123022-678x381.jpg\" alt=\"\" width=\"678\" height=\"381\" srcset=\"https:\/\/hevensen-pioneers.de\/wp-content\/uploads\/2020\/10\/20201010_123022-678x381.jpg 678w, https:\/\/hevensen-pioneers.de\/wp-content\/uploads\/2020\/10\/20201010_123022-300x169.jpg 300w, https:\/\/hevensen-pioneers.de\/wp-content\/uploads\/2020\/10\/20201010_123022-1024x576.jpg 1024w, https:\/\/hevensen-pioneers.de\/wp-content\/uploads\/2020\/10\/20201010_123022-768x432.jpg 768w, https:\/\/hevensen-pioneers.de\/wp-content\/uploads\/2020\/10\/20201010_123022-1536x864.jpg 1536w, https:\/\/hevensen-pioneers.de\/wp-content\/uploads\/2020\/10\/20201010_123022-2048x1152.jpg 2048w\" sizes=\"auto, (max-width: 678px) 100vw, 678px\" \/><\/a><figcaption id=\"caption-attachment-240\" class=\"wp-caption-text\">Der Rasen strahlt auch nach dem hei\u00dfen Sommer gr\u00fcn.<\/figcaption><\/figure>\r\n<p><span style=\"font-size: 12pt;\"><span style=\"font-family: verdana, geneva, sans-serif;\">Sie waren \u2013 wie schon im gesamten Jahresverlauf \u2013 flei\u00dfig. Am vergangenen Samstag (10.10.) trafen sich zahlreiche Spielerinnen und Spieler des BSV unter Einhaltung der Corona Abstandsregeln zum letzten gemeinsamen Arbeitseinsatz des Jahres. Hauptaufgabe war das Auff\u00fcllen von Mutterboden auf den Spielfeldern. Der Patz erhielt bereits im Fr\u00fchjahr eine Neusaat des Rasens. Dieser hat den Sommer gut \u00fcberstanden. Diese Sanierung musste aufgrund der Dringlichkeit ohne die \u00fcblichen F\u00f6rdermittel auskommen. Somit war neben einem hohen finanziellen Aufwand auch viel Eigenleistung n\u00f6tig.<\/span>\u00a0<span style=\"font-family: verdana, geneva, sans-serif;\">\u00a0<a href=\"https:\/\/hevensen-pioneers.de\/?page_id=242\">Weiterlesen..\u00a0<\/a><\/span><\/span><\/p>\r\n<p>&nbsp;<\/p>\r\n","protected":false},"excerpt":{"rendered":"<div class=\"mh-excerpt\"><p>Hauptversammlung Hevensen Pioneers:Ehrungen und \u201eSorgenkind\u201c Spielfelder Im Mittelpunkt der 35. Jahreshauptversammlung des BSV Hevensen 1990 <a class=\"mh-excerpt-more\" href=\"https:\/\/hevensen-pioneers.de\/\" title=\"\">[&#8230;]<\/a><\/p>\n<\/div>","protected":false},"author":1,"featured_media":0,"parent":0,"menu_order":0,"comment_status":"closed","ping_status":"open","template":"","meta":{"footnotes":""},"class_list":["post-2","page","type-page","status-publish","hentry"],"_links":{"self":[{"href":"https:\/\/hevensen-pioneers.de\/index.php?rest_route=\/wp\/v2\/pages\/2","targetHints":{"allow":["GET"]}}],"collection":[{"href":"https:\/\/hevensen-pioneers.de\/index.php?rest_route=\/wp\/v2\/pages"}],"about":[{"href":"https:\/\/hevensen-pioneers.de\/index.php?rest_route=\/wp\/v2\/types\/page"}],"author":[{"embeddable":true,"href":"https:\/\/hevensen-pioneers.de\/index.php?rest_route=\/wp\/v2\/users\/1"}],"replies":[{"embeddable":true,"href":"https:\/\/hevensen-pioneers.de\/index.php?rest_route=%2Fwp%2Fv2%2Fcomments&post=2"}],"version-history":[{"count":92,"href":"https:\/\/hevensen-pioneers.de\/index.php?rest_route=\/wp\/v2\/pages\/2\/revisions"}],"predecessor-version":[{"id":420,"href":"https:\/\/hevensen-pioneers.de\/index.php?rest_route=\/wp\/v2\/pages\/2\/revisions\/420"}],"wp:attachment":[{"href":"https:\/\/hevensen-pioneers.de\/index.php?rest_route=%2Fwp%2Fv2%2Fmedia&parent=2"}],"curies":[{"name":"wp","href":"https:\/\/api.w.org\/{rel}","templated":true}]}}